{"id":47,"date":"2023-02-02T14:29:32","date_gmt":"2023-02-02T14:29:32","guid":{"rendered":"https:\/\/newmarkets.com.mx\/?page_id=47"},"modified":"2023-03-07T19:49:37","modified_gmt":"2023-03-07T19:49:37","slug":"contacto","status":"publish","type":"page","link":"https:\/\/newmarkets.com.mx\/index.php\/contacto\/","title":{"rendered":"CONTACTO"},"content":{"rendered":"<p>[et_pb_section fb_built=\u00bb1&#8243; _builder_version=\u00bb4.14.5&#8243; _module_preset=\u00bbdefault\u00bb global_colors_info=\u00bb{}\u00bb][et_pb_row column_structure=\u00bb1_3,1_3,1_3&#8243; _builder_version=\u00bb4.14.5&#8243; _module_preset=\u00bbdefault\u00bb custom_margin=\u00bb|auto|47px|auto||\u00bb border_width_bottom=\u00bb2px\u00bb border_color_bottom=\u00bb#FF5757&#8243; global_colors_info=\u00bb{}\u00bb][et_pb_column type=\u00bb1_3&#8243; _builder_version=\u00bb4.14.5&#8243; _module_preset=\u00bbdefault\u00bb global_colors_info=\u00bb{}\u00bb][et_pb_text _builder_version=\u00bb4.14.5&#8243; _module_preset=\u00bbdefault\u00bb header_font=\u00bbPlayfair Display||||||||\u00bb header_text_color=\u00bb#FF5757&#8243; header_font_size=\u00bb48px\u00bb global_colors_info=\u00bb{}\u00bb]<\/p>\n<h1>Contacto<\/h1>\n<p>[\/et_pb_text][\/et_pb_column][et_pb_column type=\u00bb1_3&#8243; _builder_version=\u00bb4.14.5&#8243; _module_preset=\u00bbdefault\u00bb global_colors_info=\u00bb{}\u00bb][et_pb_blurb title=\u00bbTelefono\u00bb use_icon=\u00bbon\u00bb font_icon=\u00bb&#xe00b;||divi||400&#8243; icon_color=\u00bb#FF5757&#8243; icon_placement=\u00bbleft\u00bb image_icon_width=\u00bb76px\u00bb _builder_version=\u00bb4.14.5&#8243; _module_preset=\u00bbdefault\u00bb header_text_color=\u00bb#FF5757&#8243; header_font_size=\u00bb34px\u00bb custom_margin=\u00bb||31px|||\u00bb hover_enabled=\u00bb0&#8243; global_colors_info=\u00bb{}\u00bb body_link_text_color=\u00bb#313E50&#8243; sticky_enabled=\u00bb0&#8243;]<\/p>\n<p><a href=\"tel:+525591890101\">+52 5591890101<\/a><\/p>\n<p>[\/et_pb_blurb][\/et_pb_column][et_pb_column type=\u00bb1_3&#8243; _builder_version=\u00bb4.14.5&#8243; _module_preset=\u00bbdefault\u00bb global_colors_info=\u00bb{}\u00bb][et_pb_blurb title=\u00bbEmail\u00bb use_icon=\u00bbon\u00bb font_icon=\u00bb&#xe076;||divi||400&#8243; icon_color=\u00bb#FF5757&#8243; icon_placement=\u00bbleft\u00bb image_icon_width=\u00bb76px\u00bb _builder_version=\u00bb4.14.5&#8243; _module_preset=\u00bbdefault\u00bb header_text_color=\u00bb#FF5757&#8243; header_font_size=\u00bb34px\u00bb custom_margin=\u00bb||27px|||\u00bb hover_enabled=\u00bb0&#8243; global_colors_info=\u00bb{}\u00bb body_link_text_color=\u00bb#313E50&#8243; sticky_enabled=\u00bb0&#8243;]<\/p>\n<p><a href=\"mailto:mexico@newmarkets.com.mx\">mexico@newmarkets.com.mx<\/a><\/p>\n<p>[\/et_pb_blurb][\/et_pb_column][\/et_pb_row][et_pb_row column_structure=\u00bb3_5,2_5&#8243; _builder_version=\u00bb4.14.5&#8243; _module_preset=\u00bbdefault\u00bb custom_margin=\u00bb8px|auto||auto||\u00bb global_colors_info=\u00bb{}\u00bb][et_pb_column type=\u00bb3_5&#8243; _builder_version=\u00bb4.14.5&#8243; _module_preset=\u00bbdefault\u00bb global_colors_info=\u00bb{}\u00bb][et_pb_text _builder_version=\u00bb4.14.5&#8243; _module_preset=\u00bbdefault\u00bb header_font=\u00bbPlayfair Display||||||||\u00bb header_text_color=\u00bb#FF5757&#8243; header_font_size=\u00bb48px\u00bb global_colors_info=\u00bb{}\u00bb]<\/p>\n<h1>Donde estamos<\/h1>\n<p>[\/et_pb_text][et_pb_blurb title=\u00bbMexico\u00bb image=\u00bbhttp:\/\/newmarkets.com.mx\/wp-content\/uploads\/2023\/02\/mexico.png\u00bb icon_placement=\u00bbleft\u00bb image_icon_width=\u00bb100%\u00bb _builder_version=\u00bb4.14.5&#8243; _module_preset=\u00bbdefault\u00bb header_level=\u00bbh1&#8243; header_text_color=\u00bb#FF5757&#8243; custom_margin=\u00bb||27px|||\u00bb custom_padding=\u00bb|||0px||\u00bb hover_enabled=\u00bb0&#8243; global_colors_info=\u00bb{}\u00bb body_line_height=\u00bb1.5em\u00bb body_link_text_color=\u00bb#FF5757&#8243; sticky_enabled=\u00bb0&#8243;]<\/p>\n<p>Av. Yucat\u00e1n 54 int.1424<\/p>\n<p>06700 Col. Roma Norte, Del. Cuauht\u00e9moc<\/p>\n<p>Ciudad de M\u00e9xico<\/p>\n<p>M\u00e9xico<\/p>\n<p>&nbsp;<\/p>\n<ul>\n<li>Tel: <a href=\"tel:+525591890101\">+52 5591890101<\/a>\u00a0 \/ <a href=\"tel:+525516608730\">+52 55 16608730<\/a><\/li>\n<li><a href=\"mailto:mexico@newmarkets.com.mx\">mexico@newmarkets.com.mx<\/a><\/li>\n<\/ul>\n<p>[\/et_pb_blurb][\/et_pb_column][et_pb_column type=\u00bb2_5&#8243; _builder_version=\u00bb4.14.5&#8243; _module_preset=\u00bbdefault\u00bb global_colors_info=\u00bb{}\u00bb][et_pb_map zoom_level=\u00bb2&#8243; address_lat=\u00bb4.303076729452&#8243; address_lng=\u00bb-56.127683377826&#8243; use_grayscale_filter=\u00bbon\u00bb _builder_version=\u00bb4.14.5&#8243; _module_preset=\u00bbdefault\u00bb child_filter_hue_rotate=\u00bb317deg\u00bb child_filter_saturate=\u00bb200%\u00bb hover_enabled=\u00bb0&#8243; global_colors_info=\u00bb{}\u00bb sticky_enabled=\u00bb0&#8243;][et_pb_map_pin pin_address=\u00bbCiudad de M\u00e9xico, CDMX, M\u00e9xico\u00bb pin_address_lat=\u00bb19.4326077&#8243; pin_address_lng=\u00bb-99.133208&#8243; _builder_version=\u00bb4.14.5&#8243; _module_preset=\u00bbdefault\u00bb global_colors_info=\u00bb{}\u00bb][\/et_pb_map_pin][\/et_pb_map][\/et_pb_column][\/et_pb_row][et_pb_row column_structure=\u00bb2_5,3_5&#8243; custom_padding_last_edited=\u00bbon|phone\u00bb _builder_version=\u00bb4.14.5&#8243; _module_preset=\u00bbdefault\u00bb background_color=\u00bb#FF5757&#8243; custom_padding=\u00bb50px|50px|50px|50px|false|false\u00bb custom_padding_tablet=\u00bb\u00bb custom_padding_phone=\u00bb20px|20px|20px|20px|false|false\u00bb scroll_scaling_enable=\u00bbon\u00bb scroll_scaling=\u00bb0|64|64|100|90%|110%|110%\u00bb scroll_blur_enable=\u00bbon\u00bb border_radii=\u00bbon|15px|15px|15px|15px\u00bb global_module=\u00bb389&#8243; global_colors_info=\u00bb{}\u00bb transform_styles__hover_enabled=\u00bboff|hover\u00bb transform_scale__hover_enabled=\u00bboff|hover\u00bb transform_translate__hover_enabled=\u00bboff|hover\u00bb transform_rotate__hover_enabled=\u00bboff|hover\u00bb transform_skew__hover_enabled=\u00bboff|hover\u00bb transform_origin__hover_enabled=\u00bboff|hover\u00bb transform_scale__hover=\u00bb124%|124%\u00bb][et_pb_column type=\u00bb2_5&#8243; _builder_version=\u00bb4.14.5&#8243; _module_preset=\u00bbdefault\u00bb global_colors_info=\u00bb{}\u00bb][et_pb_text _builder_version=\u00bb4.14.5&#8243; _module_preset=\u00bbdefault\u00bb header_2_font=\u00bbPlayfair Display|500|||||||\u00bb header_2_text_color=\u00bb#FEFFFE\u00bb header_2_font_size=\u00bb46px\u00bb header_3_text_color=\u00bb#FEFFFE\u00bb header_3_font_size=\u00bb29px\u00bb custom_margin=\u00bb||-2px|||\u00bb sticky_limit_top=\u00bbrow\u00bb sticky_limit_bottom=\u00bbrow\u00bb global_colors_info=\u00bb{}\u00bb]<\/p>\n<h2><span><strong>Aqui estamos<\/strong><\/span><\/h2>\n<h3>para lo que necesites<\/h3>\n<p>[\/et_pb_text][\/et_pb_column][et_pb_column type=\u00bb3_5&#8243; _builder_version=\u00bb4.14.5&#8243; _module_preset=\u00bbdefault\u00bb global_colors_info=\u00bb{}\u00bb][et_pb_contact_form _builder_version=\u00bb4.14.5&#8243; _module_preset=\u00bbdefault\u00bb _unique_id=\u00bbd027340d-6822-47a2-b1ac-50a33bc6bf1e\u00bb form_field_background_color=\u00bb#eaeaea\u00bb form_field_text_color=\u00bb#313E50&#8243; form_field_focus_background_color=\u00bb#FEFFFE\u00bb form_field_focus_text_color=\u00bb#313E50&#8243; background_color=\u00bb#FF5757&#8243; custom_button=\u00bbon\u00bb button_text_color=\u00bb#e0e0e0&#8243; button_bg_color=\u00bb#FF5757&#8243; custom_padding=\u00bb0px|0px|0px|0px|false|false\u00bb custom_padding_tablet=\u00bb\u00bb custom_padding_phone=\u00bb\u00bb custom_padding_last_edited=\u00bbon|phone\u00bb button_bg_color_last_edited=\u00bboff|desktop\u00bb border_radii=\u00bbon|15px|15px|15px|15px\u00bb global_colors_info=\u00bb{}\u00bb button_bg_color__hover_enabled=\u00bbon|hover\u00bb button_bg_color__hover=\u00bb#ff8484&#8243; button_bg_enable_color__hover=\u00bbon\u00bb][et_pb_contact_field field_id=\u00bbName\u00bb field_title=\u00bbNombre\u00bb _builder_version=\u00bb3.16&#8243; global_colors_info=\u00bb{}\u00bb button_text_size__hover_enabled=\u00bboff\u00bb button_one_text_size__hover_enabled=\u00bboff\u00bb button_two_text_size__hover_enabled=\u00bboff\u00bb button_text_color__hover_enabled=\u00bboff\u00bb button_one_text_color__hover_enabled=\u00bboff\u00bb button_two_text_color__hover_enabled=\u00bboff\u00bb button_border_width__hover_enabled=\u00bboff\u00bb button_one_border_width__hover_enabled=\u00bboff\u00bb button_two_border_width__hover_enabled=\u00bboff\u00bb button_border_color__hover_enabled=\u00bboff\u00bb button_one_border_color__hover_enabled=\u00bboff\u00bb button_two_border_color__hover_enabled=\u00bboff\u00bb button_border_radius__hover_enabled=\u00bboff\u00bb button_one_border_radius__hover_enabled=\u00bboff\u00bb button_two_border_radius__hover_enabled=\u00bboff\u00bb button_letter_spacing__hover_enabled=\u00bboff\u00bb button_one_letter_spacing__hover_enabled=\u00bboff\u00bb button_two_letter_spacing__hover_enabled=\u00bboff\u00bb button_bg_color__hover_enabled=\u00bboff\u00bb button_one_bg_color__hover_enabled=\u00bboff\u00bb button_two_bg_color__hover_enabled=\u00bboff\u00bb][\/et_pb_contact_field][et_pb_contact_field field_id=\u00bbEmail\u00bb field_title=\u00bbDirecci\u00f3n de correo electr\u00f3nico\u00bb field_type=\u00bbemail\u00bb _builder_version=\u00bb3.16&#8243; global_colors_info=\u00bb{}\u00bb button_text_size__hover_enabled=\u00bboff\u00bb button_one_text_size__hover_enabled=\u00bboff\u00bb button_two_text_size__hover_enabled=\u00bboff\u00bb button_text_color__hover_enabled=\u00bboff\u00bb button_one_text_color__hover_enabled=\u00bboff\u00bb button_two_text_color__hover_enabled=\u00bboff\u00bb button_border_width__hover_enabled=\u00bboff\u00bb button_one_border_width__hover_enabled=\u00bboff\u00bb button_two_border_width__hover_enabled=\u00bboff\u00bb button_border_color__hover_enabled=\u00bboff\u00bb button_one_border_color__hover_enabled=\u00bboff\u00bb button_two_border_color__hover_enabled=\u00bboff\u00bb button_border_radius__hover_enabled=\u00bboff\u00bb button_one_border_radius__hover_enabled=\u00bboff\u00bb button_two_border_radius__hover_enabled=\u00bboff\u00bb button_letter_spacing__hover_enabled=\u00bboff\u00bb button_one_letter_spacing__hover_enabled=\u00bboff\u00bb button_two_letter_spacing__hover_enabled=\u00bboff\u00bb button_bg_color__hover_enabled=\u00bboff\u00bb button_one_bg_color__hover_enabled=\u00bboff\u00bb button_two_bg_color__hover_enabled=\u00bboff\u00bb][\/et_pb_contact_field][et_pb_contact_field field_id=\u00bbMessage\u00bb field_title=\u00bbMensaje\u00bb field_type=\u00bbtext\u00bb fullwidth_field=\u00bbon\u00bb _builder_version=\u00bb3.16&#8243; global_colors_info=\u00bb{}\u00bb button_text_size__hover_enabled=\u00bboff\u00bb button_one_text_size__hover_enabled=\u00bboff\u00bb button_two_text_size__hover_enabled=\u00bboff\u00bb button_text_color__hover_enabled=\u00bboff\u00bb button_one_text_color__hover_enabled=\u00bboff\u00bb button_two_text_color__hover_enabled=\u00bboff\u00bb button_border_width__hover_enabled=\u00bboff\u00bb button_one_border_width__hover_enabled=\u00bboff\u00bb button_two_border_width__hover_enabled=\u00bboff\u00bb button_border_color__hover_enabled=\u00bboff\u00bb button_one_border_color__hover_enabled=\u00bboff\u00bb button_two_border_color__hover_enabled=\u00bboff\u00bb button_border_radius__hover_enabled=\u00bboff\u00bb button_one_border_radius__hover_enabled=\u00bboff\u00bb button_two_border_radius__hover_enabled=\u00bboff\u00bb button_letter_spacing__hover_enabled=\u00bboff\u00bb button_one_letter_spacing__hover_enabled=\u00bboff\u00bb button_two_letter_spacing__hover_enabled=\u00bboff\u00bb button_bg_color__hover_enabled=\u00bboff\u00bb button_one_bg_color__hover_enabled=\u00bboff\u00bb button_two_bg_color__hover_enabled=\u00bboff\u00bb][\/et_pb_contact_field][\/et_pb_contact_form][\/et_pb_column][\/et_pb_row][\/et_pb_section]<\/p>\n","protected":false},"excerpt":{"rendered":"<p>Contacto+52 5591890101mexico@newmarkets.com.mxDonde estamosAv. Yucat\u00e1n 54 int.1424 06700 Col. Roma Norte, Del. Cuauht\u00e9moc Ciudad de M\u00e9xico M\u00e9xico &nbsp; Tel: +52 5591890101\u00a0 \/ +52 55 16608730 mexico@newmarkets.com.mx Aqui estamos para lo que necesites<\/p>\n","protected":false},"author":1,"featured_media":0,"parent":0,"menu_order":0,"comment_status":"closed","ping_status":"closed","template":"","meta":{"_acf_changed":false,"_et_pb_use_builder":"on","_et_pb_old_content":"","_et_gb_content_width":"","footnotes":""},"class_list":["post-47","page","type-page","status-publish","hentry"],"acf":[],"yoast_head":"<!-- This site is optimized with the Yoast SEO plugin v20.7 - https:\/\/yoast.com\/wordpress\/plugins\/seo\/ -->\n<title>CONTACTO - NEWMARKETS<\/title>\n<meta name=\"robots\" content=\"index, follow, max-snippet:-1, max-image-preview:large, max-video-preview:-1\" \/>\n<link rel=\"canonical\" href=\"https:\/\/newmarkets.com.mx\/index.php\/contacto\/\" \/>\n<meta property=\"og:locale\" content=\"es_ES\" \/>\n<meta property=\"og:type\" content=\"article\" \/>\n<meta property=\"og:title\" content=\"CONTACTO - NEWMARKETS\" \/>\n<meta property=\"og:description\" content=\"Contacto+52 5591890101mexico@newmarkets.com.mxDonde estamosAv. Yucat\u00e1n 54 int.1424 06700 Col. Roma Norte, Del. Cuauht\u00e9moc Ciudad de M\u00e9xico M\u00e9xico &nbsp; Tel: +52 5591890101\u00a0 \/ +52 55 16608730 mexico@newmarkets.com.mx Aqui estamos para lo que necesites\" \/>\n<meta property=\"og:url\" content=\"https:\/\/newmarkets.com.mx\/index.php\/contacto\/\" \/>\n<meta property=\"og:site_name\" content=\"NEWMARKETS\" \/>\n<meta property=\"article:modified_time\" content=\"2023-03-07T19:49:37+00:00\" \/>\n<meta name=\"twitter:card\" content=\"summary_large_image\" \/>\n<meta name=\"twitter:label1\" content=\"Tiempo de lectura\" \/>\n\t<meta name=\"twitter:data1\" content=\"6 minutos\" \/>\n<script type=\"application\/ld+json\" class=\"yoast-schema-graph\">{\"@context\":\"https:\/\/schema.org\",\"@graph\":[{\"@type\":\"WebPage\",\"@id\":\"https:\/\/newmarkets.com.mx\/index.php\/contacto\/\",\"url\":\"https:\/\/newmarkets.com.mx\/index.php\/contacto\/\",\"name\":\"CONTACTO - NEWMARKETS\",\"isPartOf\":{\"@id\":\"https:\/\/newmarkets.com.mx\/#website\"},\"datePublished\":\"2023-02-02T14:29:32+00:00\",\"dateModified\":\"2023-03-07T19:49:37+00:00\",\"breadcrumb\":{\"@id\":\"https:\/\/newmarkets.com.mx\/index.php\/contacto\/#breadcrumb\"},\"inLanguage\":\"es\",\"potentialAction\":[{\"@type\":\"ReadAction\",\"target\":[\"https:\/\/newmarkets.com.mx\/index.php\/contacto\/\"]}]},{\"@type\":\"BreadcrumbList\",\"@id\":\"https:\/\/newmarkets.com.mx\/index.php\/contacto\/#breadcrumb\",\"itemListElement\":[{\"@type\":\"ListItem\",\"position\":1,\"name\":\"Portada\",\"item\":\"http:\/\/newmarkets.com.mx\/\"},{\"@type\":\"ListItem\",\"position\":2,\"name\":\"CONTACTO\"}]},{\"@type\":\"WebSite\",\"@id\":\"https:\/\/newmarkets.com.mx\/#website\",\"url\":\"https:\/\/newmarkets.com.mx\/\",\"name\":\"NEWMARKETS\",\"description\":\"Connecting Business\",\"potentialAction\":[{\"@type\":\"SearchAction\",\"target\":{\"@type\":\"EntryPoint\",\"urlTemplate\":\"https:\/\/newmarkets.com.mx\/?s={search_term_string}\"},\"query-input\":\"required name=search_term_string\"}],\"inLanguage\":\"es\"}]}<\/script>\n<!-- \/ Yoast SEO plugin. -->","yoast_head_json":{"title":"CONTACTO - NEWMARKETS","robots":{"index":"index","follow":"follow","max-snippet":"max-snippet:-1","max-image-preview":"max-image-preview:large","max-video-preview":"max-video-preview:-1"},"canonical":"https:\/\/newmarkets.com.mx\/index.php\/contacto\/","og_locale":"es_ES","og_type":"article","og_title":"CONTACTO - NEWMARKETS","og_description":"Contacto+52 5591890101mexico@newmarkets.com.mxDonde estamosAv. Yucat\u00e1n 54 int.1424 06700 Col. Roma Norte, Del. Cuauht\u00e9moc Ciudad de M\u00e9xico M\u00e9xico &nbsp; Tel: +52 5591890101\u00a0 \/ +52 55 16608730 mexico@newmarkets.com.mx Aqui estamos para lo que necesites","og_url":"https:\/\/newmarkets.com.mx\/index.php\/contacto\/","og_site_name":"NEWMARKETS","article_modified_time":"2023-03-07T19:49:37+00:00","twitter_card":"summary_large_image","twitter_misc":{"Tiempo de lectura":"6 minutos"},"schema":{"@context":"https:\/\/schema.org","@graph":[{"@type":"WebPage","@id":"https:\/\/newmarkets.com.mx\/index.php\/contacto\/","url":"https:\/\/newmarkets.com.mx\/index.php\/contacto\/","name":"CONTACTO - NEWMARKETS","isPartOf":{"@id":"https:\/\/newmarkets.com.mx\/#website"},"datePublished":"2023-02-02T14:29:32+00:00","dateModified":"2023-03-07T19:49:37+00:00","breadcrumb":{"@id":"https:\/\/newmarkets.com.mx\/index.php\/contacto\/#breadcrumb"},"inLanguage":"es","potentialAction":[{"@type":"ReadAction","target":["https:\/\/newmarkets.com.mx\/index.php\/contacto\/"]}]},{"@type":"BreadcrumbList","@id":"https:\/\/newmarkets.com.mx\/index.php\/contacto\/#breadcrumb","itemListElement":[{"@type":"ListItem","position":1,"name":"Portada","item":"http:\/\/newmarkets.com.mx\/"},{"@type":"ListItem","position":2,"name":"CONTACTO"}]},{"@type":"WebSite","@id":"https:\/\/newmarkets.com.mx\/#website","url":"https:\/\/newmarkets.com.mx\/","name":"NEWMARKETS","description":"Connecting Business","potentialAction":[{"@type":"SearchAction","target":{"@type":"EntryPoint","urlTemplate":"https:\/\/newmarkets.com.mx\/?s={search_term_string}"},"query-input":"required name=search_term_string"}],"inLanguage":"es"}]}},"_links":{"self":[{"href":"https:\/\/newmarkets.com.mx\/index.php\/wp-json\/wp\/v2\/pages\/47","targetHints":{"allow":["GET"]}}],"collection":[{"href":"https:\/\/newmarkets.com.mx\/index.php\/wp-json\/wp\/v2\/pages"}],"about":[{"href":"https:\/\/newmarkets.com.mx\/index.php\/wp-json\/wp\/v2\/types\/page"}],"author":[{"embeddable":true,"href":"https:\/\/newmarkets.com.mx\/index.php\/wp-json\/wp\/v2\/users\/1"}],"replies":[{"embeddable":true,"href":"https:\/\/newmarkets.com.mx\/index.php\/wp-json\/wp\/v2\/comments?post=47"}],"version-history":[{"count":11,"href":"https:\/\/newmarkets.com.mx\/index.php\/wp-json\/wp\/v2\/pages\/47\/revisions"}],"predecessor-version":[{"id":506,"href":"https:\/\/newmarkets.com.mx\/index.php\/wp-json\/wp\/v2\/pages\/47\/revisions\/506"}],"wp:attachment":[{"href":"https:\/\/newmarkets.com.mx\/index.php\/wp-json\/wp\/v2\/media?parent=47"}],"curies":[{"name":"wp","href":"https:\/\/api.w.org\/{rel}","templated":true}]}}